{"id":94,"date":"2013-11-13T12:27:17","date_gmt":"2013-11-13T12:27:17","guid":{"rendered":"http:\/\/lacreu.net\/blog\/?page_id=94"},"modified":"2020-02-05T17:07:34","modified_gmt":"2020-02-05T16:07:34","slug":"texts-damics-textos-de-amigos","status":"publish","type":"page","link":"https:\/\/lacreu.net\/blog\/?page_id=94","title":{"rendered":"Cr\u00f2niques cr\u00edtiques sobre la meua obra &#8211; Cr\u00f3nicas cr\u00edticas sobre mi obra"},"content":{"rendered":"<p>&#8212;&#8212;&#8212;&#8212;&#8212;&#8212;&#8212;&#8212;&#8212;&#8212;&#8212;&#8212;&#8212;&#8212;&#8212;-<a href=\"http:\/\/lacreu.net\/blog\/wp-content\/uploads\/2013\/11\/Salva-i-Pepe3.jpg\"><img loading=\"lazy\" class=\"aligncenter size-full wp-image-126\" src=\"http:\/\/lacreu.net\/blog\/wp-content\/uploads\/2013\/11\/Salva-i-Pepe3.jpg\" alt=\"Salva i Pepe3\" width=\"886\" height=\"529\" srcset=\"https:\/\/lacreu.net\/blog\/wp-content\/uploads\/2013\/11\/Salva-i-Pepe3.jpg 886w, https:\/\/lacreu.net\/blog\/wp-content\/uploads\/2013\/11\/Salva-i-Pepe3-300x179.jpg 300w\" sizes=\"(max-width: 886px) 100vw, 886px\" \/><\/a><\/p>\n<p><span style=\"color: #000080;\">Foto con Salvador B<span style=\"font-style: normal; font-weight: 300;\">arber\u00e1 en su casa de Massanassa acompa\u00f1ados de su hermoso limonero.<\/span><\/span><\/p>\n<p style=\"color: #333333; font-style: normal;\">A Josep Lacreu<\/p>\n<p>Detenerse delante de cada obra de josep Lacreu m\u00e1s que contemplar un cuadro es afrontar una experiencia, vivir una aventura. Lacreu interpreta la vida de los motivos, que le hacen vibrar y le urgen el imperativo de la recreaci\u00f3n art\u00edstica, en toda la plenitud de su presente fugaz. No son seres est\u00e1ticos y definitivos. Son instantes de la observaci\u00f3n de vida sentidos y convividos por un rigor en\u00e9rgico y vital. Y la vida es figura, tambi\u00e9n es color y movimiento; olor y vibraci\u00f3n, diferente en cada instante. En ocasiones, parece no importarle a Josep Lacreu ni el recurso ni los medios de que se vale; innovador en las soluciones t\u00e9cnicas y hasta transgresor impenitente de normativas al uso.<\/p>\n<p>Lacreu hace valer, particularmente, su don del dibujo, que define y sit\u00faa magistralmente el objeto y su vivencia; la magia de darle vida, sonido, movimiento y un colorido, siempre alucinante; y el poder medi\u00e1tico de transmitir, de comunicar su propia vivencia a todo el que se acerca a sus obras. Es su tri\u00e1ngulo est\u00e9tico. Lacreu entra en convivencia con los motivos de sus obras y sus obras, a su vez, lo hacen, inevitablemente, con quienes las contemplan.<\/p>\n<p>Ah\u00ed est\u00e1n sus cuadros, abiertos a la conversaci\u00f3n sencilla, amable, osada y delirante con quienes se atreven a convivirlos. V\u00edvanlos. Ver\u00e1n que es casi imposible permanecer ante ellos de otra manera y . . . que merece la pena. Su figura es impecable; su color fascinante; su sonoridad precisa y sugerente, y el vigoroso movimiento de su trazo, contagioso. Oir\u00e1n c\u00f3mo suena el piano y se apartaran para evitar salpicaduras del oleaje del mar. Disfrutar\u00e1n.<\/p>\n<p>Salvador Barber\u00e1.<\/p>\n<p>Massanassa, 10 &#8211; 05 &#8211; 2006<\/p>\n<p>&#8212;&#8212;&#8212;&#8212;&#8212;&#8212;&#8212;&#8212;&#8212;&#8212;&#8212;&#8212;&#8212;&#8212;&#8212;&#8212;&#8212;&#8212;&#8212;&#8212;&#8212;&#8212;&#8212;&#8212;&#8212;&#8212;&#8212;&#8212;&#8212;&#8212;-<\/p>\n<p>Texto exposici\u00f3n Noviembre 1995 en Hanax Valencia<\/p>\n<p>La obra de Josep Lacreu posee un notable impacto visual, alternando desgarradoras texturas con tenues interpretaciones formales, algunas de las cuales nos transmiten la dureza de los elementos.<\/p>\n<p>Cada pincelada de Lacreu se antoja una invitaci\u00f3n a un viaje interior, a un visitar ese desv\u00e1n de nuestra infancia donde acaso nos encerr\u00e1bamos para estar a solas y redescubrir lo m\u00e1s esencial que todos llebamos dentro, seguramente.<\/p>\n<p>Rafael Ballester A\u00f1\u00f3n.<\/p>\n<p>&#8212;&#8212;&#8212;&#8212;&#8212;&#8212;&#8212;&#8212;&#8212;&#8212;&#8212;&#8212;&#8212;&#8212;&#8212;&#8212;&#8212;&#8212;&#8212;&#8212;&#8212;&#8212;&#8212;&#8212;&#8212;&#8212;&#8212;&#8212;&#8212;&#8212;&#8211;<\/p>\n<p>Hasta que los rom\u00e1nticos lo dramatizaron, convirti\u00e9ndolo en un apasionado medio de expresi\u00f3n, el paisaje no se libr\u00f3 del desd\u00e9n al que lo hab\u00eda sometido una jer\u00e1rquica ordenaci\u00f3n de los g\u00e9neros pict\u00f3ricos.<\/p>\n<p>Pese a que el inter\u00e9s de Josep Lacreu por este tema es relativamente reciente, entre sus paisajes se cuentan algunas de sus mejores obras, no s\u00f3lo pict\u00f3ricas, sino tambi\u00e9n fotogr\u00e1ficas; pues, en los \u00faltimos a\u00f1os, una c\u00e1mara fotogr\u00e1fica es su compa\u00f1era inseparable. La obra de Pepe hierve en su imaginaci\u00f3n y se plasma en\u00e9rgicamente en tablas de formatos imposibles. Sus paisajes son el mejor ejemplo de la magnitud expresiva, e incluso expresionista, que puede llegar a alcanzar este g\u00e9nero. Destacan sus \u201cretratos\u201d del Mediterr\u00e1neo, de la Albufera y la marjal, tan imbuidos en su memoria y en los que la pasi\u00f3n de su t\u00e9cnica se une a la que siente por su tierra. Son obras con una personalidad explosiva, que exhortan al espectador y, a veces, le gritan con una estridente sonoridad. La m\u00fasica es, de hecho, uno de sus temas intr\u00ednsecos. No en vano, la tradici\u00f3n musical est\u00e1 profundamente arraiga en su familia, as\u00ed como en su pueblo.<\/p>\n<p>Elvira Mocholi.<\/p>\n<p>Massanassa, 2007<\/p>\n<p>&#8212;&#8212;&#8212;&#8212;&#8212;&#8212;&#8212;&#8212;&#8212;&#8212;&#8212;&#8212;&#8212;&#8212;&#8212;&#8212;&#8212;&#8212;&#8212;&#8212;&#8212;-<br \/>\nExposici\u00f3n en Zaragoza 2004<\/p>\n<p>Josep Lacreu (Massanassa, 1958). Artista polifac\u00e9tico de larga trayectoria, ha trabajado diferentes tem\u00e1ticas, experimentando distintas t\u00e9cnicas y estilos, que lo han hecho evolucionar desde lo figurativo a un expresionismo repleto de sentimientos. En esta muestra relega sus temas m\u00e1s habituales como la figura humana, la m\u00fasica, los objetos cotidianos, de manera que declina su inter\u00e9s a favor de paisajes y muestras de la naturaleza que, como en aquellos, sigue mostrando su preocupaci\u00f3n por transmitir los m\u00e1s profundos sentimientos y visiones.<br \/>\nPinceladas, trazos, y colores fuertes, son los recursos elegidos para transmitir esa fuerza vital, esa conexi\u00f3n entre la materia y la vida. \u00c9l un enamorado de su tierra, de la vegetaci\u00f3n aut\u00f3ctona y espont\u00e1nea, lo es tambi\u00e9n de \u00e9sa que ha sido sustento de generaciones, y que ha formado parte de la trilog\u00eda mediterr\u00e1nea. Adem\u00e1s de los paisajes m\u00e1s pr\u00f3ximos a su h\u00e1bitat, los campos de arroz de la marjal o la propia albufera, destacan los algarrobos y los olivos, de troncos centenarios, que son testimonio del tiempo transcurrido y a pesar de su aparente vejez f\u00edsica, est\u00e1n impregnados de vitalidad.<\/p>\n<p>Julio Moreno Moreno.<\/p>\n<p>&#8212;&#8212;&#8212;&#8212;&#8212;&#8212;&#8212;&#8212;&#8212;&#8212;&#8212;&#8212;&#8212;&#8212;&#8212;&#8212;&#8212;&#8212;&#8212;&#8212;&#8212;-<br \/>\nText exposici\u00f3 \u00abPensament en color\u00bb Castell d&#8217;Alaqu\u00e0s 2011<\/p>\n<p>En la obra del pintor Pepe Lacreu observamos c\u00f3mo se conjugan de manera muy afortunada los mejores logros de la pintura abstracta en sus versiones mat\u00e9rica y gestual y referencias figurativas que adquieren un poderoso car\u00e1cter simb\u00f3lico.<\/p>\n<p>Hector Dols.<\/p>\n<p>Alaquas, 2011<\/p>\n<p>&#8212;&#8212;&#8212;&#8212;&#8212;&#8212;&#8212;&#8212;&#8212;&#8212;&#8212;&#8212;&#8212;&#8212;&#8212;-<\/p>\n<p>Imaginativo y magnifico texto de un amigo muy especial<\/p>\n<p>En que se parecen un critico a un pintor?<\/p>\n<p>El cr\u00edtico critica porque no tiene cualidades para hacer lo que critica.<\/p>\n<p>El pintor pinta lo que nunca podr\u00e1 llegar a ser.<\/p>\n<p>Caso real: Nuestro maestro Pepe Lacreu que pinta cuadros abstractos \u00bfpor que?<\/p>\n<p>porque le gustar\u00eda ser invisible (de vez en cuando pinta una palomita para confundir) jajajajaja<\/p>\n<p>Cintio Bravo \u00abEl Pollo de Levante\u00bb.<\/p>\n<p>Betera, 2011<\/p>\n<p>&#8212;&#8212;&#8212;&#8212;&#8212;&#8212;&#8212;&#8212;&#8212;&#8212;&#8212;&#8212;&#8212;&#8212;&#8212;&#8212;&#8212;&#8212;&#8212;&#8212;&#8212;&#8212;&#8212;&#8212;&#8212;&#8212;&#8212;&#8212;&#8212;&#8212;&#8212;&#8212;&#8212;&#8212;&#8212;&#8212;&#8212;&#8211;<\/p>\n<p>LACREU \u00a0\u00abLa Terreta 2018\u00bb<\/p>\n<p>Ten\u00eda yo unos catorce a\u00f1os cuando mi profesora de primaria nos llev\u00f3 a ver una exposici\u00f3n de un pintor de Massanassa en el Museo de la Ciudad de Valencia. Entonces yo no lo sab\u00eda, pero las obras expuestas en la sala hab\u00edan supuesto todo un punto de inflexi\u00f3n en la obra de Josep Lacreu. Quien ya lo conoc\u00eda, seguramente se llev\u00f3 una gran sorpresa, no s\u00f3lo porque el pintor no hab\u00eda compartido con nadie su cambio de rumbo, sino porque hasta ese momento se hab\u00eda caracterizado por hacer dibujos a plumilla, t\u00e9cnica en la que hab\u00eda destacado desde su etapa de formaci\u00f3n. Y de repente, hab\u00eda sentido la necesidad de adentrarse en la abstracci\u00f3n, por lo que me encontr\u00e9 con telas de arpillera en lugar de lienzos, sobre las que se distribu\u00edan gruesas pinceladas, salpicadas de alg\u00fan elemento figurativo, entre los que destacaban las palomas.<\/p>\n<p>La paloma, las aves y sus \u00abvuelos\u00bb han sido, por otro lado, una constante en su obra. Se trata de una figura recurrente en determinados momentos de su producci\u00f3n, que no pod\u00eda faltar en el gigantesco mural que abarca toda la fachada de la iglesia de San Antonio. Y cada vez que las veo en sus obras, en exposiciones o asomando entre los numerosos cuadros de su taller, no puedo evitar pensar en Picasso y la gran admiraci\u00f3n que Lacreu le profesa, as\u00ed como a Sorolla, entre otros pintores. Su obra, no obstante, presenta la originalidad propia de quien deja fluir sus estados de \u00e1nimo, emociones y sensaciones para trasladarlos al cuadro.<\/p>\n<p>Del mismo modo, ha mostrado admiraci\u00f3n por otro artista local, con el que comparte adem\u00e1s una de sus principales aficiones. Se trata de Gabriel Cuallado, que pese a todos sus reconocimientos, se defini\u00f3 siempre como un fot\u00f3grafo amateur. A Pepe Lacreu se debe que la sala de exposiciones municipal lleve su nombre, incluso cuando estaba en el edificio sociocultural, donde tantas veces ha expuesto sus fotograf\u00edas como miembro \u201cA Fosques. Grup Fotogr\u00e0fic de Massanassa\u201d. As\u00ed es como llegu\u00e9 a conocerlo personalmente. Su faceta como fot\u00f3grafo aficionado, que se remonta a su etapa de formaci\u00f3n, volvi\u00f3 a adquirir protagonismo cuando, hace ya m\u00e1s de diez a\u00f1os, fundamos la asociaci\u00f3n. Sus fotograf\u00edas, como sus cuadros, son como \u00e9l, son sinceras y buscan la complicidad con el espectador.<\/p>\n<p>Tambi\u00e9n en sus obras podemos entrever retazos de su experiencia vital. La m\u00fasica en la que diferentes instrumentos \u201csuenan\u201d en sus lienzos con colorido estridente, pues la m\u00fasica ha estado siempre muy presente en su entorno m\u00e1s cercano, como no pod\u00eda ser de otra forma en una familia de Massanassa. Otra constante en su obra son las piezas de ajedrez y la representaci\u00f3n del pe\u00f3n como elemento propio para plasmar sus emociones. Tambi\u00e9n, se refleja en su obra el paisaje asociado a otra actividad familiar y tradicional del pueblo, el cultivo del arroz en el parque natural de la Albufera. Las tonalidades y matices lum\u00ednicos propios de cada etapa del ciclo se trasladan al soporte pict\u00f3rico, que no siempre es un lienzo, con una econom\u00eda de medios que, sin embargo, resulta suficiente y precisa para plasmar la esencia de un espacio que conoce a la perfecci\u00f3n, pues se ha pasado horas en contacto directo con la tierra. La Albufera y el mar en sus distintos estados, como forma de expresi\u00f3n personal, tambi\u00e9n han protagonizado muchas de sus obras.<\/p>\n<p>No obstante, su recta trayectoria pict\u00f3rica ha pasado por todas las etapas posibles, de las que \u00e9stas son s\u00f3lo algunos ejemplos. Lacreu no ha dejado nunca de pintar ni de exponer sus obras a lo largo y ancho de la geograf\u00eda espa\u00f1ola e incluso a nivel internacional con sus varias exposiciones en B\u00e9lgica y Jap\u00f3n. Y cuando no pinta, dibuja. Un \u00e1rbol, un objeto cotidiano\u2026, cualquier cosa es susceptible de ser interpretada por su l\u00e1piz, hasta el punto de acumular cientos de dibujos en su estudio.<\/p>\n<p>En \u00e9sta, su primera exposici\u00f3n individual en Massanassa, poder contemplar una selecci\u00f3n de obras de su trayectoria pict\u00f3rica, a lo largo de los a\u00f1os, es una sorprendente experiencia.<\/p>\n<p>Mar\u00ed Elvira Mochol\u00ed Martinez \u00a0 \u00a0Doctora en Historia del arte<\/p>\n<p>____________________________________________________________________<\/p>\n<p>Pepe Lacreu publicado en enero de 2020.<\/p>\n<p>Miguel Catal\u00e1n Gonz\u00e1lez<br \/>\nFil\u00f3sofo, profesor universitario y escritor, lamentablemente fallecido en Septiembre de 2019.<br \/>\nTuve el placer de conocerlo y mantener con \u00e9l, algunas interesantes conversaciones sobre arte y vida. Public\u00f3 una cr\u00edtica sobre mi obra en la revista DimensArts con motivo de la exposici\u00f3n que realic\u00e9 en 1995 en Valencia.<br \/>\nEncontrar entre mis archivos este texto me ha emocionado y alegrado mucho y me apetece compartirlo con mis amigos del Facebook.<\/p>\n<p><span style=\"font-size: inherit;\">EXPOSICI\u00d3N HANNAX 1995<\/span><\/p>\n<p><span style=\"font-size: inherit;\">Josep Lacreu, es la noticia, expone sus cuadros en HANNAX (Caballeros, 36), del 9 al 22 de noviembre.<\/span><\/p>\n<p><span style=\"font-size: inherit;\">No hay mayor placer para el observador de las formas que conocer, como me ha ocurrido a mi, a un joven pintor que acaba de encontrar su senda, sabiendo a ciencia cierta que lo es, y aprieta de pronto el paso preso de entusiasmo, y ya no puede dejar de pintar.<\/span><\/p>\n<div class=\"text_exposed_show\">\n<p>Antes de llegar a este punto de convencimiento, Pepe Lacreu ha seguido pacientemente las grandes v\u00edas perfectamente se\u00f1alizadas de la academia, la plumilla descriptiva y el \u00f3leo surreal; ha participado de ella cambiando el paso sin mayores sobresaltos.<br \/>\nLacreu y su mano definitivamente suelta: Lacreu, el artista que tambi\u00e9n ser\u00e1 ma\u00f1ana, ya est\u00e1 en sus soportes humildes, en la chapa y en el cart\u00f3n, en las telas de saco arrocero hechas de yute o c\u00e1\u00f1amo; tambi\u00e9n en sus texturas deliberadas, en su expresionismo m\u00e1s \u00edntimo y su paleta de tonos opuestos, en sus gestos de gran recorrido guiados por la mano ciega e infalible de la ambici\u00f3n.<br \/>\nA sus espaldas ya la exposici\u00f3n colectiva en el Sumida Riverside Hall de Tokio del a\u00f1o pasado, Lacreu invita a los valencianos a la primera exposici\u00f3n individual despu\u00e9s de su ruptura, bien que parcial, con el abstracto. Era en 1992; hoy, la peripecia vital y humana de Lacreu ya ha alcanzado ese punto en que los cr\u00edticos empiezan a juzgarlo por lo que es. Los valencianos tenemos una oportunidad de conocer sus alegaciones de primera mano.<br \/>\nMiguel Catal\u00e1n<\/p>\n<\/div>\n","protected":false},"excerpt":{"rendered":"<p>&#8212;&#8212;&#8212;&#8212;&#8212;&#8212;&#8212;&#8212;&#8212;&#8212;&#8212;&#8212;&#8212;&#8212;&#8212;- Foto con Salvador Barber\u00e1 en su casa de Massanassa acompa\u00f1ados de su hermoso limonero. A Josep Lacreu Detenerse delante de cada obra de josep Lacreu m\u00e1s que contemplar un <a class=\"more-link\" href=\"https:\/\/lacreu.net\/blog\/?page_id=94\">Continue Reading &rarr;<\/a><\/p>\n","protected":false},"author":1,"featured_media":0,"parent":19,"menu_order":1,"comment_status":"closed","ping_status":"closed","template":"","meta":[],"_links":{"self":[{"href":"https:\/\/lacreu.net\/blog\/index.php?rest_route=\/wp\/v2\/pages\/94"}],"collection":[{"href":"https:\/\/lacreu.net\/blog\/index.php?rest_route=\/wp\/v2\/pages"}],"about":[{"href":"https:\/\/lacreu.net\/blog\/index.php?rest_route=\/wp\/v2\/types\/page"}],"author":[{"embeddable":true,"href":"https:\/\/lacreu.net\/blog\/index.php?rest_route=\/wp\/v2\/users\/1"}],"replies":[{"embeddable":true,"href":"https:\/\/lacreu.net\/blog\/index.php?rest_route=%2Fwp%2Fv2%2Fcomments&post=94"}],"version-history":[{"count":20,"href":"https:\/\/lacreu.net\/blog\/index.php?rest_route=\/wp\/v2\/pages\/94\/revisions"}],"predecessor-version":[{"id":1589,"href":"https:\/\/lacreu.net\/blog\/index.php?rest_route=\/wp\/v2\/pages\/94\/revisions\/1589"}],"up":[{"embeddable":true,"href":"https:\/\/lacreu.net\/blog\/index.php?rest_route=\/wp\/v2\/pages\/19"}],"wp:attachment":[{"href":"https:\/\/lacreu.net\/blog\/index.php?rest_route=%2Fwp%2Fv2%2Fmedia&parent=94"}],"curies":[{"name":"wp","href":"https:\/\/api.w.org\/{rel}","templated":true}]}}